{"id":2,"date":"2023-02-22T09:38:51","date_gmt":"2023-02-22T08:38:51","guid":{"rendered":"http:\/\/192.168.60.108\/traktorverein.at\/?page_id=2"},"modified":"2026-03-08T07:37:28","modified_gmt":"2026-03-08T06:37:28","slug":"beispiel-seite","status":"publish","type":"page","link":"https:\/\/traktorverein.at\/index.php\/beispiel-seite\/","title":{"rendered":"Termine"},"content":{"rendered":"\n<p><strong>Geplante Termine 202<\/strong>6<\/p>\n\n\n\n<p><\/p>\n\n\n\n<h2 class=\"wp-block-heading has-medium-font-size\"><\/h2>\n\n\n\n<p>Alle Fahrten und allf\u00e4llige Termine werden auch \u00fcber unsere WhatsApp &#8211; Gruppe kommuniziert &#8211; Ausfahrten nur bei Sch\u00f6nwetter ! <strong>Details zu den Aktivit\u00e4ten folgen&#8230;..<\/strong><\/p>\n\n\n\n<div class=\"wp-block-columns is-layout-flex wp-container-core-columns-is-layout-9d6595d7 wp-block-columns-is-layout-flex\">\n<div class=\"wp-block-column is-layout-flow wp-block-column-is-layout-flow\">\n<figure class=\"wp-block-image size-full\"><img loading=\"lazy\" decoding=\"async\" width=\"654\" height=\"923\" src=\"https:\/\/traktorverein.at\/wp-content\/uploads\/2026\/03\/e7647a2b-4d94-4b15-aa34-ebeac0284f95-1.jpg\" alt=\"\" class=\"wp-image-3316\" srcset=\"https:\/\/traktorverein.at\/wp-content\/uploads\/2026\/03\/e7647a2b-4d94-4b15-aa34-ebeac0284f95-1.jpg 654w, https:\/\/traktorverein.at\/wp-content\/uploads\/2026\/03\/e7647a2b-4d94-4b15-aa34-ebeac0284f95-1-213x300.jpg 213w\" sizes=\"auto, (max-width: 654px) 100vw, 654px\" \/><\/figure>\n<\/div>\n\n\n\n<div class=\"wp-block-column is-layout-flow wp-block-column-is-layout-flow\">\n<figure class=\"wp-block-image size-large\"><img loading=\"lazy\" decoding=\"async\" width=\"741\" height=\"1024\" src=\"https:\/\/traktorverein.at\/wp-content\/uploads\/2026\/03\/7ac975f2-ab47-4a20-b859-64901a9a72e0-741x1024.jpg\" alt=\"\" class=\"wp-image-3315\" srcset=\"https:\/\/traktorverein.at\/wp-content\/uploads\/2026\/03\/7ac975f2-ab47-4a20-b859-64901a9a72e0-741x1024.jpg 741w, https:\/\/traktorverein.at\/wp-content\/uploads\/2026\/03\/7ac975f2-ab47-4a20-b859-64901a9a72e0-217x300.jpg 217w, https:\/\/traktorverein.at\/wp-content\/uploads\/2026\/03\/7ac975f2-ab47-4a20-b859-64901a9a72e0-768x1061.jpg 768w, https:\/\/traktorverein.at\/wp-content\/uploads\/2026\/03\/7ac975f2-ab47-4a20-b859-64901a9a72e0-1111x1536.jpg 1111w, https:\/\/traktorverein.at\/wp-content\/uploads\/2026\/03\/7ac975f2-ab47-4a20-b859-64901a9a72e0.jpg 1152w\" sizes=\"auto, (max-width: 741px) 100vw, 741px\" \/><\/figure>\n<\/div>\n\n\n\n<div class=\"wp-block-column is-layout-flow wp-block-column-is-layout-flow\">\n<div class=\"wp-block-columns is-layout-flex wp-container-core-columns-is-layout-9d6595d7 wp-block-columns-is-layout-flex\">\n<div class=\"wp-block-column is-layout-flow wp-block-column-is-layout-flow\"><\/div>\n<\/div>\n<\/div>\n<\/div>\n\n\n\n<h2 class=\"wp-block-heading has-small-font-size\"><\/h2>\n\n\n\n<h2 class=\"wp-block-heading has-text-align-center has-small-font-size\"><\/h2>\n\n\n\n<div class=\"wp-block-group is-nowrap is-layout-flex wp-container-core-group-is-layout-ad2f72ca wp-block-group-is-layout-flex\">\n<figure class=\"wp-block-table alignleft\"><table><tbody><tr><td>30. 4. 2026<br><br>17. 4. 2026<\/td><td><\/td><td>Maibaumaufstellen Wopfing<br>mit Party<br>Einteilung Umschnitt<\/td><\/tr><tr><td>9. 5. 2026<\/td><td><\/td><td>Traktorbande Hirtenberg<\/td><\/tr><tr><td>16. 5. 2026<\/td><td><\/td><td><br>Traktorrallye &#8220;Stoaf\u00f6da&#8221;<br><\/td><\/tr><tr><td>24. 5. 2026<\/td><td><\/td><td><br>Maibaumumschnitt Jugend<br>Miesenbach<br><\/td><\/tr><tr><td>7. 6. 2026<br><\/td><td><\/td><td>Maibaumumschnitt Wopfing<\/td><\/tr><tr><td>27. 6. 2026<br><\/td><td><\/td><td>&#8220;Helferleinessen&#8221;<\/td><\/tr><tr><td>28. 6. 2026<\/td><td><\/td><td>Ausfahrt Riegelwiese<\/td><\/tr><tr><td><\/td><td><\/td><td>3 &#8211; Tagesausflug in Planung<br>11. \/ 12. \/ 13. 9. 2026<br><br><br><br><br><br><br><br><br><br><br><br><br><br><br><br><br><br><br><br><br><br><br><br><\/td><\/tr><tr><td><\/td><td><br><\/td><td><\/td><\/tr><tr><td><\/td><td><\/td><td><\/td><\/tr><tr><td><\/td><td><\/td><td><\/td><\/tr><\/tbody><\/table><\/figure>\n<\/div>\n","protected":false},"excerpt":{"rendered":"<p>Geplante Termine 2026 Alle Fahrten und allf\u00e4llige Termine werden auch \u00fcber unsere WhatsApp &#8211; Gruppe kommuniziert &#8211; Ausfahrten nur bei Sch\u00f6nwetter ! Details zu den Aktivit\u00e4ten folgen&#8230;.. 30. 4. 2026 17. 4. 2026 Maibaumaufstellen Wopfingmit PartyEinteilung Umschnitt 9. 5. 2026 Traktorbande Hirtenberg 16. 5. 2026 Traktorrallye &#8220;Stoaf\u00f6da&#8221; 24. 5. 2026 Maibaumumschnitt JugendMiesenbach 7. 6. 2026 [&hellip;]<\/p>\n","protected":false},"author":1,"featured_media":0,"parent":0,"menu_order":1,"comment_status":"closed","ping_status":"open","template":"","meta":{"footnotes":""},"class_list":["post-2","page","type-page","status-publish","hentry"],"_links":{"self":[{"href":"https:\/\/traktorverein.at\/index.php\/wp-json\/wp\/v2\/pages\/2","targetHints":{"allow":["GET"]}}],"collection":[{"href":"https:\/\/traktorverein.at\/index.php\/wp-json\/wp\/v2\/pages"}],"about":[{"href":"https:\/\/traktorverein.at\/index.php\/wp-json\/wp\/v2\/types\/page"}],"author":[{"embeddable":true,"href":"https:\/\/traktorverein.at\/index.php\/wp-json\/wp\/v2\/users\/1"}],"replies":[{"embeddable":true,"href":"https:\/\/traktorverein.at\/index.php\/wp-json\/wp\/v2\/comments?post=2"}],"version-history":[{"count":77,"href":"https:\/\/traktorverein.at\/index.php\/wp-json\/wp\/v2\/pages\/2\/revisions"}],"predecessor-version":[{"id":3317,"href":"https:\/\/traktorverein.at\/index.php\/wp-json\/wp\/v2\/pages\/2\/revisions\/3317"}],"wp:attachment":[{"href":"https:\/\/traktorverein.at\/index.php\/wp-json\/wp\/v2\/media?parent=2"}],"curies":[{"name":"wp","href":"https:\/\/api.w.org\/{rel}","templated":true}]}}

<p><strong>Geplante Termine 202</strong>6</p>



<p></p>



<h2 class="wp-block-heading has-medium-font-size"></h2>



<p>Alle Fahrten und allfällige Termine werden auch über unsere WhatsApp &#8211; Gruppe kommuniziert &#8211; Ausfahrten nur bei Schönwetter ! <strong>Details zu den Aktivitäten folgen&#8230;..</strong></p>



<div class="wp-block-columns is-layout-flex wp-container-core-columns-is-layout-9d6595d7 wp-block-columns-is-layout-flex">
<div class="wp-block-column is-layout-flow wp-block-column-is-layout-flow">
<figure class="wp-block-image size-full"><img loading="lazy" decoding="async" width="654" height="923" src="https://traktorverein.at/wp-content/uploads/2026/03/e7647a2b-4d94-4b15-aa34-ebeac0284f95-1.jpg" alt="" class="wp-image-3316" srcset="https://traktorverein.at/wp-content/uploads/2026/03/e7647a2b-4d94-4b15-aa34-ebeac0284f95-1.jpg 654w, https://traktorverein.at/wp-content/uploads/2026/03/e7647a2b-4d94-4b15-aa34-ebeac0284f95-1-213x300.jpg 213w" sizes="auto, (max-width: 654px) 100vw, 654px" /></figure>
</div>



<div class="wp-block-column is-layout-flow wp-block-column-is-layout-flow">
<figure class="wp-block-image size-large"><img loading="lazy" decoding="async" width="741" height="1024" src="https://traktorverein.at/wp-content/uploads/2026/03/7ac975f2-ab47-4a20-b859-64901a9a72e0-741x1024.jpg" alt="" class="wp-image-3315" srcset="https://traktorverein.at/wp-content/uploads/2026/03/7ac975f2-ab47-4a20-b859-64901a9a72e0-741x1024.jpg 741w, https://traktorverein.at/wp-content/uploads/2026/03/7ac975f2-ab47-4a20-b859-64901a9a72e0-217x300.jpg 217w, https://traktorverein.at/wp-content/uploads/2026/03/7ac975f2-ab47-4a20-b859-64901a9a72e0-768x1061.jpg 768w, https://traktorverein.at/wp-content/uploads/2026/03/7ac975f2-ab47-4a20-b859-64901a9a72e0-1111x1536.jpg 1111w, https://traktorverein.at/wp-content/uploads/2026/03/7ac975f2-ab47-4a20-b859-64901a9a72e0.jpg 1152w" sizes="auto, (max-width: 741px) 100vw, 741px" /></figure>
</div>



<div class="wp-block-column is-layout-flow wp-block-column-is-layout-flow">
<div class="wp-block-columns is-layout-flex wp-container-core-columns-is-layout-9d6595d7 wp-block-columns-is-layout-flex">
<div class="wp-block-column is-layout-flow wp-block-column-is-layout-flow"></div>
</div>
</div>
</div>



<h2 class="wp-block-heading has-small-font-size"></h2>



<h2 class="wp-block-heading has-text-align-center has-small-font-size"></h2>



<div class="wp-block-group is-nowrap is-layout-flex wp-container-core-group-is-layout-ad2f72ca wp-block-group-is-layout-flex">
<figure class="wp-block-table alignleft"><table><tbody><tr><td>30. 4. 2026<br><br>17. 4. 2026</td><td></td><td>Maibaumaufstellen Wopfing<br>mit Party<br>Einteilung Umschnitt</td></tr><tr><td>9. 5. 2026</td><td></td><td>Traktorbande Hirtenberg</td></tr><tr><td>16. 5. 2026</td><td></td><td><br>Traktorrallye &#8220;Stoaföda&#8221;<br></td></tr><tr><td>24. 5. 2026</td><td></td><td><br>Maibaumumschnitt Jugend<br>Miesenbach<br></td></tr><tr><td>7. 6. 2026<br></td><td></td><td>Maibaumumschnitt Wopfing</td></tr><tr><td>27. 6. 2026<br></td><td></td><td>&#8220;Helferleinessen&#8221;</td></tr><tr><td>28. 6. 2026</td><td></td><td>Ausfahrt Riegelwiese</td></tr><tr><td></td><td></td><td>3 &#8211; Tagesausflug in Planung<br>11. / 12. / 13. 9. 2026<br><br><br><br><br><br><br><br><br><br><br><br><br><br><br><br><br><br><br><br><br><br><br><br></td></tr><tr><td></td><td><br></td><td></td></tr><tr><td></td><td></td><td></td></tr><tr><td></td><td></td><td></td></tr></tbody></table></figure>
</div>

<p>Geplante Termine 2026 Alle Fahrten und allfällige Termine werden auch über unsere WhatsApp &#8211; Gruppe kommuniziert &#8211; Ausfahrten nur bei Schönwetter ! Details zu den Aktivitäten folgen&#8230;.. 30. 4. 2026 17. 4. 2026 Maibaumaufstellen Wopfingmit PartyEinteilung Umschnitt 9. 5. 2026 Traktorbande Hirtenberg 16. 5. 2026 Traktorrallye &#8220;Stoaföda&#8221; 24. 5. 2026 Maibaumumschnitt JugendMiesenbach 7. 6. 2026 [&hellip;]</p>
